Give d(-4).
1
Let x(m) = 10*m**2 - 3*m - 1. Let n be (-8)/6 + 11 + 288/(-27). What is x(n)?
12
Suppose -2*r - 1 = 3*p, p = 3*r + r + 23. Let s(o) be the first derivative of o**4/4 + 5*o**3/3 + o**2 - 2*o + 3. Give s(r).
-12
Let p(m) = -5*m**2 - 1. Let w = 114 - 107. Let s(k) be the second derivative of 5*k**4/6 + k**2 + k. Let d(t) = w*p(t) + 3*s(t). Give d(-1).
-6
Let x(k) = -k**2 + 5*k - 1. Let j be x(4). Suppose 8 = -g + j*g. Let f(i) = -5*i + 3. Determine f(g).
-17
Let v(t) = -4*t + 32. Let a be v(7). Let f(z) = -5*z + 3. Let g(m) = -2*m + 1. Let q(l) = -6*f(l) + 17*g(l). Calculate q(a).
-17
Let i(d) = d + 3. Let z(b) = 2*b**2 + 12*b + 22. Let q be z(-4). Let p be 1*3/q*(-40)/(-4). Give i(p).
8
Suppose -18 = m - 12. Let f be 5 - (1 + -2 - (m + 4)). Let k(b) be the first derivative of b**4/4 - b**3 - 4*b - 4. What is k(f)?
12
Let o be (4/3)/(2/(-3) + 1). Suppose -o*l + 2 = -5*l + 4*d, -4*l + d + 22 = 0. Let g(q) = q**3 - 6*q**2 - q + 5. Give g(l).
-1
Let s(a) be the first derivative of a**4/4 - 5*a**3/3 - 5*a**2/2 + 2*a + 103. Calculate s(5).
-23
Let w(b) = -4*b**2 - 3*b + 4. Let f(k) = 5*k**2 + 4*k - 5. Let d(c) = 5*f(c) + 6*w(c). Let s = 3 - -2. Suppose s*u - 8 - 7 = 0. What is d(u)?
14
Let z(d) = d**2 + d - 1. Suppose -2*t = -4*t + 86. Let b = -44 + t. Calculate z(b).
-1
Let j(s) = 3*s - 1. Let m be j(2). Let x(l) = -l**2 - 2*l. Let b(w) = w**2 + 3*w. Let y(u) = m*x(u) + 3*b(u). Calculate y(2).
-10
Let j(l) = 10*l - 86. Let t be j(9). Let d(u) = -u**3 + 3*u**2 + 3*u - 5. What is d(t)?
-9
Let m(g) = 126*g - 2 - 1 - 128*g. Let c = 67 + -75. Determine m(c).
13
Let g(v) be the third derivative of v**6/120 - v**5/20 + v**3/3 - v**2. Let w(r) = -r**3 + 20*r**2 - 23*r + 79. Let x be w(19). Determine g(x).
2
Let r(p) = p**2 - 5*p - 2. Let q(h) = -2*h**2 + 9*h + 5. Let m(s) = -3*q(s) - 5*r(s). Calculate m(-4).
19
Let f(a) = 16*a**3 - 5*a**2 + 7*a + 14. Let p(k) = 3*k**3 + k + 2. Let s(t) = f(t) - 5*p(t). Give s(4).
-4
Let t(r) = r**3 + 3*r**2 - 10*r - 2. Let y(d) = d + 6. Let h be y(-11). Let w be t(h). Let x(u) = -2*u + 3*u + 2*u + 2. Give x(w).
-4
Let h(t) = 2*t - 10. Let x(c) = -c**2 - c + 8. Let z be 4 + 65/(-20) + (-6)/8. Let w be x(z). Calculate h(w).
6
Let q(t) = 5*t**2 - 6*t + 11. Let o(k) = k**2 + 1. Let j(m) = -m**3 + m**2. Let g be j(0). Let v be -1 + -4 + g + 4. Let n(w) = v*q(w) + 4*o(w). Determine n(5).
-2
Let u(j) be the first derivative of -j**4/12 - j**3 - 3*j**2 - 25*j - 33. Let w(i) be the first derivative of u(i). Give w(-4).
2
Let d(h) = 4*h + 1. Let c be d(1). Let u be (-1)/((-1)/c)*1. Let x(r) = 0*r**2 + 7 + 4*r**2 - 3*r**2 - u*r. Give x(5).
7
Let y(f) = f**2 - 6*f + 7. Let b(o) = o**2 + 7*o + 4. Let p be b(-7). Suppose p*i - 14 = 2*i. Suppose -3*v = -2*r - i, r - 2*r = 4*v - 24. Determine y(v).
2
Let b(y) = 45291*y + 15 + 2 - 45290*y. What is b(-14)?
3
Let q = 11 - 2. Suppose 0 = w - 4*w - q. Let h(f) = -f**2 + 2*f - 1 + 2 - 9*f + 6*f. Calculate h(w).
-5
Let j(c) = -c**3. Let r(v) = v**3. Let d(p) = -2*j(p) - r(p). Determine d(-1).
-1
Let r(a) = -a + 20. Let b be (-94 - -2)/(-4) + (-65)/13. Give r(b).
2
Let i = 38 + 10. Let a(r) = 24*r - 3 - i*r + 23*r - 1. Calculate a(7).
-11
Let v(s) = 20*s + 16*s + 95 + 19*s - 58*s. Calculate v(30).
5
Let k(d) = -d - 15. Let f = -204 + 196. Calculate k(f).
-7
Let c(v) = -25*v + 4. Let p(x) = 4*x. Let g(t) = c(t) + 6*p(t). Calculate g(-9).
13
Let n be ((-30)/(-9) + -1)*(6 - 3). Let a(h) = -2 + 8*h**3 - 7*h + 5*h**2 - 4 - n*h**3 + 2. Determine a(-6).
2
Let w(j) = j**3 + 8*j**2 + 6*j - 12. Let p be w(-6). Let d = -19 + p. Let m(c) = c**2 - 6*c + 6. Give m(d).
1
Let i(z) = -3*z**3 - 7*z**2 - 13*z - 4. Let v(c) = 4*c**3 + 6*c**2 + 14*c + 4. Let g(x) = -3*i(x) - 2*v(x). Calculate g(-8).
-20
Let i(u) = -2*u**3 + 5*u**2 + 4*u - 2. Let f(c) = -c**3 + 4*c**2 + 3*c - 2. Let z(j) = 3*f(j) - 2*i(j). Let t be 2*(1 + -2)/2*14/7. Calculate z(t).
-4
Let k(g) = g**2 - 10*g + 2. Let y(u) = u + 1. Let q(j) = -j**3 + 7*j**2 - 7*j + 5. Let b be q(6). Let x(z) = b*k(z) - 2*y(z). Give x(3).
11
Let t(d) = -4*d - 1. Let i(y) = 4*y + 1. Let o(m) = -6*i(m) - 7*t(m). Suppose 0*s - 32 = -2*s. Let r(c) = c**2 - 17*c + 17. Let f be r(s). Determine o(f).
5
Let n = 89 - 57. Let h = 46 - n. Let p = -10 + h. Let s(i) = i - 5. Calculate s(p).
-1
Let b(y) be the third derivative of -y**4/24 + 8*y**3/3 + 2*y**2 - 20. Determine b(7).
9
Suppose 0 = -2*r - r + 6. Let g(q) = -q**3 + 2*q**2 + 1. Let p(h) = 5*h**3 - 8*h**2 - 3*h. Let l(m) = 3*g(m) + p(m). What is l(r)?
5
Let o(d) = d**3 - 6*d**2 + 5*d + 2. Let m be (16/24)/((-4)/(-6)) - -4. Give o(m).
2
Suppose -3 = -j - 0. Let u(z) be the third derivative of -z**5/30 + z**4/6 - z**3/3 + 590*z**2. Give u(j).
-8
Let d(a) = a**2 - 4*a - a + 2*a + 5. Suppose -3*u - 2*u + n + 429 = 0, -u - 3*n + 89 = 0. Let t = -82 + u. Determine d(t).
9
Let j(q) = -46*q - 162. Let i be j(-4). Let k(n) = n - 16. What is k(i)?
6
Suppose 0 = -d - 0*d + 20. Suppose 0 = 5*s - 10*s - d. Let i be (1 - 10)*s/6. Let z(f) = f**3 - 7*f**2 + 6*f - 9. Give z(i).
-9
Let v = -27 + 29. Let x(b) = -5*b**v - 5*b**2 - b**2 + 2*b - 3*b. Suppose 0*k - a + 2 = -k, 0 = 4*k - 5*a + 11. Give x(k).
-12
Let z(k) = 10*k + 84. Let g be z(-9). Let s(h) = 3*h - 4*h - 8 - h. Calculate s(g).
4
Let u = 23 - 11. Let w be u*(-3)/((-27)/(-12)). Let m = -21 - w. Let n(z) = -2*z + 2. Calculate n(m).
12
Let g(s) = s + 23. Suppose -4 = 3*a + 4*u, 3*u = -4*a - 1 - 2. Determine g(a).
23
Suppose 0 = 4*f - 20 - 0. Let n(k) = 11*k - 9. Let d(v) = 5*v - 5. Let x(s) = 5*d(s) - 2*n(s). Determine x(f).
8
Let f(n) = -5 - n**2 - 2 - 8*n + 0. Let q(c) = 11*c**2 - c + 2. Let w be q(-2). Let b = -54 + w. Give f(b).
5
Let s = 4 + -2. Let k(m) = -1 + 0 + 0 - m + s*m. Calculate k(0).
-1
Let y(s) = s + 8. Let f = -109 - -109. What is y(f)?
8
Let a(g) = g**3 + 3*g**2 - 3*g + 7. Let l be (-22)/110 + 24/(-5). What is a(l)?
-28
Let i(k) = -3*k - 66. Let p be 49/(-2) - (-580)/232. Calculate i(p).
0
Let n = 301 + -301. Let a(q) = q**3 + q**2 + 4. What is a(n)?
4
Let u be (231/(-308))/(2/(-8)). Let b(o) = o**3 - 4*o**2 + 4*o - 1. Calculate b(u).
2
Let m(h) = -3*h**3 + 7*h**2 - 12*h - 27. Let l(v) = -2*v**3 + 6*v**2 - 12*v - 21. Let t(f) = 4*l(f) - 3*m(f). What is t(-5)?
7
Let y = -341 + 337. Let u(t) = 6*t + 5. Give u(y).
-19
Let y = 278 + -275. Let p(l) = 2*l + 2. Give p(y).
8
Suppose -4*j - w = -8, -w = -j - 5*w + 2. Let t(f) be the second derivative of -f**3 + f**2 + f. Calculate t(j).
-10
Suppose -4*q - 31 = 5*f, -2*q + 3 = q - 5*f. Let a(w) = w**3 + 5*w**2 + 4*w + 4. Give a(q).
4
Let a = 2289 + -2284. Let x(t) = t + 1. Give x(a).
6
Let n(f) = -f**2 - 6*f + 6. Let d be (-5 + 3)/(2/(-25)). Let t(w) = 6*w + 31. Let u be t(-6). Let r be (12/10)/(u/d). Determine n(r).
6
Let t(i) = -i + 25. Let x = 677 - 677. Calculate t(x).
25
Let i = 740 + -740. Let g(y) = y**2 + y - 52. What is g(i)?
-52
Let t be 3/(-1)*(-22)/(-11). Let g(j) = 2*j**3 + j**2 - 13*j - 14. Let r(c) = -c**3 + 7*c + 7. Let b(k) = 6*g(k) + 11*r(k). Determine b(t).
-1
Let h = 2 + -3. Let n(g) = g**2 - 6*g - 1. Let l(v) = 2*v**2 - 5*v - 1. Let r = -13 - -9. Let p(z) = r*l(z) + 3*n(z). Determine p(h).
-6
Let u(p) = 27*p + 32 - 29*p + 10*p. Determine u(-5).
-8
Let n = 10 + -9. Let l(b) = 2*b**3 + 0*b**3 - 9*b - n - 7*b**2 + 3*b**2 + 12*b. Suppose -4*m + m - 6 = 4*k, 3*m + k = 3. Calculate l(m).
5
Let l(h) = h**3 + 4*h**2 + 2*h - 2. Let t = 36 - 34. Suppose -3*g - m = 2*g + 9, -g = t*m. Give l(g).
2
Let q(x) = -6*x**2 + 4*x + 0*x + x**3 + 4 + x. Suppose -4*l = -8 - 0. Suppose -u = -l*p - 13, 0*u + 5*p = -3*u - 5. Calculate q(u).
4
Let k(q) be the first derivative of 1/2*q**2 + 7/12*q**4 - 6*q - 10 + 1/6*q**3. Let r(p) be the first derivative of k(p). What is r(-1)?
7
Let s(r) be the third derivative of -r**4/8 + r**3 + 1552*r**2. Suppose -22 = -0*c - 5*c + 2*m, 3*c - 8 = -4*m. What is s(c)?
-6
Let u(w) = -w**3 + 19*w**2 + 23*w - 57. Let p be u(20). Let d(z) be the second derivative of -z**4/12 + z**3/6 + 2*z**2 - 2*z. Give d(p).
-2
Suppose 2*k + 0*k - 5*o = 31, 3*k - 4*o - 29 = 0. Let v = -31 - -33. Let a(y) = -6*y - k - y**v - 2*y + 9*y. Determine a(4).
-15
Let f be 0 + 1*(-2 + 1). Suppose -16 = -5*b - 3*b. Let n(j) = -3*j**3 - 1 + 14*j**2 - 12*j**b + 0. Give n(f).
4
Let i(m) be the first derivative o